{"id":46,"date":"2015-03-19T12:37:12","date_gmt":"2015-03-19T10:37:12","guid":{"rendered":"http:\/\/knowledge45.kigoo.eu\/?page_id=46"},"modified":"2017-12-08T13:21:10","modified_gmt":"2017-12-08T11:21:10","slug":"start","status":"publish","type":"page","link":"https:\/\/knowledge45.kigoo.de\/","title":{"rendered":"Start"},"content":{"rendered":"<div id=\"pl-46\"  class=\"panel-layout\" ><div id=\"pg-46-0\"  class=\"panel-grid panel-no-style\" ><div id=\"pgc-46-0-0\"  class=\"panel-grid-cell\" ><div id=\"panel-46-0-0-0\" class=\"so-panel widget widget_black-studio-tinymce widget_black_studio_tinymce panel-first-child\" data-index=\"0\" ><div class=\"textwidget\"><p><strong>Ein ganz herzliches Dankesch\u00f6n an dieser Stelle, dass Sie mir das Vertrauen aussprechen und den Link zu dieser Videoaufzeichnung erworben haben!<\/strong><\/p>\n<p> <iframe loading=\"lazy\" src=\"https:\/\/www.youtube.com\/embed\/qhb-aB32qyA?rel=0&amp;showinfo=0\" width=\"560\" height=\"315\" frameborder=\"0\" allowfullscreen=\"allowfullscreen\"><\/iframe><\/p>\n<\/div><\/div><div id=\"panel-46-0-0-1\" class=\"so-panel widget widget_sow-button\" data-index=\"1\" ><div\n\t\t\t\n\t\t\tclass=\"so-widget-sow-button so-widget-sow-button-atom-3c036565d69e-46\"\n\t\t\t\n\t\t><div class=\"ow-button-base ow-button-align-left\">\n\t<a\n\thref=\"https:\/\/knowledge45.kigoo.de\/wp-login.php\"\n\t\tclass=\"ow-icon-placement-left ow-button-hover\" \t>\n\t\t<span>\n\t\t\t\n\t\t\tHier klicken und einloggen\t\t<\/span>\n\t<\/a>\n<\/div>\n<\/div><\/div><div id=\"panel-46-0-0-2\" class=\"so-panel widget widget_black-studio-tinymce widget_black_studio_tinymce panel-last-child\" data-index=\"2\" ><div class=\"textwidget\"><p><strong>Deine Zugangsdaten wurden dir per E-Mail \u00fcber den digistore24.com mitgeteilt.<\/strong><\/p>\n<h2><span style=\"color: #cc0000;\"><strong>Wichtige Hinweise:<\/strong><\/span><\/h2>\n<p><strong>Nachdem du dich eingeloggt hast<\/strong><\/p>\n<p>\u00bb \u00c4ndere bitte umgehend das Passwort<\/p>\n<p>\u00bb Ersetze die fiktive E-Mail mit deiner richtigen E-Mail Adresse.<\/p>\n<p>\u00bb Klicke bitte links oben auf das \"Haus\"-Symbol, um zu den Inhalten zu kommen.<\/p>\n<p><img loading=\"lazy\" decoding=\"async\" class=\"alignnone wp-image-148 size-full\" src=\"https:\/\/knowledge45.kigoo.de\/wp-content\/uploads\/2017\/12\/Bildschirmfoto-2017-12-08-um-12.08.38.png\" alt=\"\" width=\"248\" height=\"30\" \/><\/p>\n<hr \/>\n<p>In der Aufzeichnung meines Webinars \"So schreibt man erfolgreiche Web-Texte!\" steckt sehr viel Know-How und Erfahrung, die ich mir im Laufe der Jahre angeeignet habe. Ich hoffe sehr, dass ich Ihnen mein Wissen vermitteln kann und dass Sie am Ende einen gro\u00dfen Schritt weitergekommen sind!<\/p>\n<p>Diese Website wird st\u00e4ndig aktualisiert und mit neuen Infos versehen, um einen optimalen Wissenstransfer zu gew\u00e4hrleisten. Sobald neue Inhalte verf\u00fcgbar sind, werden Sie via Mail von mir in Kenntnis gesetzt.<\/p>\n<p><strong>Ich w\u00fcnsche Ihnen jetzt gute und wertvolle Unterhaltung mit der Videoaufzeichnung!<\/strong><\/p>\n<\/div><\/div><\/div><\/div><\/div>","protected":false},"excerpt":{"rendered":"<p>Ein ganz herzliches Dankesch\u00f6n an dieser Stelle, dass Sie mir das Vertrauen aussprechen und den Link zu dieser Videoaufzeichnung erworben haben! Deine Zugangsdaten wurden dir per E-Mail \u00fcber den digistore24.com mitgeteilt.Wichtige Hinweise:Nachdem du dich eingeloggt hast\u00bb \u00c4ndere bitte umgehend das Passwort\u00bb Ersetze die fiktive E-Mail mit deiner richtigen E-Mail Adresse.\u00bb Klicke bitte links oben auf [&hellip;]<\/p>\n","protected":false},"author":1,"featured_media":0,"parent":0,"menu_order":0,"comment_status":"closed","ping_status":"closed","template":"","meta":{"footnotes":""},"_links":{"self":[{"href":"https:\/\/knowledge45.kigoo.de\/index.php?rest_route=\/wp\/v2\/pages\/46"}],"collection":[{"href":"https:\/\/knowledge45.kigoo.de\/index.php?rest_route=\/wp\/v2\/pages"}],"about":[{"href":"https:\/\/knowledge45.kigoo.de\/index.php?rest_route=\/wp\/v2\/types\/page"}],"author":[{"embeddable":true,"href":"https:\/\/knowledge45.kigoo.de\/index.php?rest_route=\/wp\/v2\/users\/1"}],"replies":[{"embeddable":true,"href":"https:\/\/knowledge45.kigoo.de\/index.php?rest_route=%2Fwp%2Fv2%2Fcomments&post=46"}],"version-history":[{"count":17,"href":"https:\/\/knowledge45.kigoo.de\/index.php?rest_route=\/wp\/v2\/pages\/46\/revisions"}],"predecessor-version":[{"id":152,"href":"https:\/\/knowledge45.kigoo.de\/index.php?rest_route=\/wp\/v2\/pages\/46\/revisions\/152"}],"wp:attachment":[{"href":"https:\/\/knowledge45.kigoo.de\/index.php?rest_route=%2Fwp%2Fv2%2Fmedia&parent=46"}],"curies":[{"name":"wp","href":"https:\/\/api.w.org\/{rel}","templated":true}]}}